 4*f - 3. Suppose -31 = -4*w - v + 6*v, 3*v - 85 = -5*w. Suppose 0 = -11*y - 41 - w. Determine u(y).
17
Let u(i) = -i**3 + i**2 - i - 35. Suppose 15 = 10*w + 25. Let t be (-7)/(-14) + w/2. Determine u(t).
-35
Let l = -22 + 25. Let r(x) = 25*x + 17. Let h(p) = -30*p - 21. Let s(j) = 4*h(j) + 5*r(j). Give s(l).
16
Let n(j) be the first derivative of 3*j**2/2 + 9*j - 1. Suppose -p - 6 = 2*u, -5*u - 33 = -11*p + 9*p. Calculate n(u).
-6
Let y be 1769/(-305) - (-16)/(-5). Let h(p) = 4*p + 5. Calculate h(y).
-31
Let i(f) be the first derivative of -f**3/3 - 6*f**2 - 8*f + 518. Suppose 2*v + 14 = -2*o, -4*o + 2*o + 10 = -v. What is i(v)?
24
Let j(w) = 2*w**2 + 4*w + 3. Let y(g) = g**2 + 2*g + 2. Let l = 62 + -89. Let r = -38 - l. Let u(t) = r*y(t) + 6*j(t). Determine u(3).
11
Let g(r) be the third derivative of r**6/120 - r**5/15 + r**4/8 - r**3/6 + r**2 + 5768*r. Let v be (-2 + 1)*-1 + 3. Calculate g(v).
11
Let b = 345 + -344. Let d(i) = 5 + b + 4 + i - 9. Determine d(-4).
-3
Let q(d) = d**2 - d + 6. Let o(l) = -4*l**2 + l - 17. Let n(i) = 2*o(i) + 7*q(i). Suppose 2*w + 7 = -1. Let z be w/(-12) + 22/(-3). Calculate n(z).
-6
Suppose 6*t - 2*w + 2 = 2*t, -5*t = 4*w - 4. Let p(o) = t*o**2 + 3*o - 5*o**2 + 0*o**2 - 3 + 4*o**2. Let d be (12/24)/(3/((-30)/(-1))). Calculate p(d).
-13
Let l(k) = 27 + 0 - 5 + 73*k - 154*k + 76*k. Calculate l(-5).
47
Let w(q) be the third derivative of -q**6/360 + 13*q**5/120 - 29*q**4/24 - 10*q**3/3 - 15*q**2 + 11*q. Let u(t) be the first derivative of w(t). What is u(9)?
7
Let a(b) = 2*b**2 - 76*b + 74. Suppose -671 = -15*d - 116. Calculate a(d).
0
Let s be ((-384)/(-10))/(-10*(-10)/750). Let q = -292 + s. Let y(h) = h**3 + 4*h**2 - h - 2. Calculate y(q).
2
Let g(n) = n**2 - n + 10. Let j(c) = -6*c**2 + 31*c + 40. Let m(i) = 5*g(i) + j(i). Give m(29).
3
Let c(z) = 18*z + 2. Let r = 1779 - 1774. What is c(r)?
92
Suppose -68*d + 30*d + 45*d = -28. Let l(i) = -2*i**3 - 7*i**2 - 4*i - 5. Determine l(d).
27
Let w(g) = 3*g**2 - 245. Let t be w(-9). Let c(m) be the first derivative of -2*m**3/3 - m**2 - 2*m - 1. Determine c(t).
-6
Let q(j) be the second derivative of -13*j**3/6 - 19*j**2/2 + 16*j. Let d(u) = -3*u - 5. Let o(t) = 9*d(t) - 2*q(t). Give o(0).
-7
Suppose 39*i - 2305 = -2734. Let o(j) = 63*j + 687. Determine o(i).
-6
Suppose 2*w + 2 = 2*d - 0*w, 2*d - w + 3 = 0. Let o(t) be the second derivative of 25*t + 1/3*t**4 + 1/20*t**5 - t**2 + 0 + 1/6*t**3. What is o(d)?
-6
Let h(y) = -9*y**2 + y - 5. Let c(l) = 28*l**2 - 3*l + 14. Let x(k) = -4*c(k) - 11*h(k). Let q(t) = 11*t**2 - t + 1. Let u(s) = -6*q(s) - 5*x(s). Give u(1).
-1
Let i(v) = -v**2 + 8*v + 10. Suppose 108 = 31*s + 5*s. Suppose 34 = s*h + y, -h = -y + 1 - 7. Calculate i(h).
-10
Let p(d) = 12*d**3 - 5 + 2506*d + 8*d**3 - 2509*d + 22*d**2 - 21*d**3 + 20. What is p(22)?
-51
Let z(p) = 7*p**2 + 14*p - 62. Let d(q) = 3*q**2 + 8*q - 32. Let f(a) = 5*d(a) - 2*z(a). Give f(-15).
9
Let q(k) be the third derivative of 3*k**5/10 - k**3/6 + 3*k**2 - 12*k. Let h(w) = 75*w + 224. Let b be h(-3). Determine q(b).
17
Let a(x) = 0*x**3 - x**3 + 22 - 30*x - 25 - 1179*x**2 + 1196*x**2. Determine a(15).
-3
Let s(o) = -o**3 - 13*o**2 + 27*o - 49. Suppose -t = -2*n + 17, 4*n = -7*t + t - 86. Determine s(t).
-4
Suppose -2*i - 4*q - 124 = -q, -5*q + 36 = -i. Let v = -39 - i. Let d(s) = 0 + 8*s - v*s + 2*s + 2 + s**2. Determine d(6).
-4
Let k(v) be the second derivative of -v**5/20 + 3*v**4/4 + 19*v**3/6 + 21*v**2/2 - 29*v - 46. What is k(10)?
111
Let h(w) = -6 - 5 + 0 + 2*w. Let r(q) = q**3 - 51*q**2 - 527*q - 773. Let k be r(60). What is h(k)?
3
Let t(d) be the first derivative of -7*d**3/3 - 3*d**2/2 - 20*d - 81. Let j(k) = -8*k**2 - 3*k - 24. Let m(x) = 5*j(x) - 6*t(x). What is m(-2)?
2
Let j be (-5)/(-4) - ((-287)/(-28) + -3). Let b(d) = 7*d + 43. Determine b(j).
1
Suppose 0 = 2*r + 4*u - 6, -5*r = -13*u + 18*u - 15. Let h(b) = 18 + 3*b - 12*b**r - 19 - 3*b. Determine h(-1).
11
Let p(m) = -19*m**2 + 9*m - 21. Let d(w) = 2*w**2 - w + 3. Let b(r) = 10*d(r) + p(r). Calculate b(-4).
29
Let b(t) = t**2 + 2*t - 18. Suppose -s = 5*q - 29, 2*s = 5*s + 4*q - 10. Determine b(s).
6
Let j(l) = -30*l**3 + l**2 - l. Suppose -4*u = n - 3479, -5*u + 57*n = 62*n - 4345. Let w = -869 + u. Calculate j(w).
-30
Suppose -60*a - 2340 = 135*a. Let x(o) = -o**2 - 18*o. What is x(a)?
72
Let z(p) be the third derivative of 1/120*p**6 + 1/30*p**5 + 1/2*p**3 + 0 - 1/8*p**4 + 0*p - 123*p**2. Determine z(2).
13
Let r(p) = 3*p + 5*p**2 - 5*p**2 - p**2 - 1 - 3*p**2 + 3*p**2. Let i(g) = -10*g**2 + 11*g - 5. Let l(q) = i(q) - 3*r(q). Calculate l(1).
-7
Let g(l) = -l + 22. Let r be 16 - ((-3 - -8) + 0). Give g(r).
11
Let r(h) = 2 + 1 + 2*h**3 - 898*h + 6*h**2 - 1 + 1 + 893*h. Determine r(-4).
-9
Let o = 16770 - 16774. Let f(l) be the second derivative of l**3/6 + 3*l**2 - 5*l. What is f(o)?
2
Let d be 184/7*21/6. Let s = 93 - d. Let m(g) be the first derivative of -g**4/2 - g**3/3 - g**2/2 + g + 3. Calculate m(s).
-3
Let t(w) = -5*w**3 - w + 1. Let s(c) = 21*c**3 - 11*c**2 + 3*c + 15. Let l(v) = s(v) + 4*t(v). Calculate l(11).
8
Let y(p) be the first derivative of p**3/3 - 4*p**2 + 6*p - 1. Suppose 5*m + 28 = 3*l, -53*l + 3*m = -51*l - 18. Give y(l).
-6
Let p(o) be the second derivative of -17*o**3/6 + 55*o**2 - 3248*o. Give p(7).
-9
Let k be ((-2 - -4)/1)/1. Let y(j) = 306*j**2 + 1 - 3*j - 143*j**2 - j**3 - 163*j**2. Calculate y(k).
-13
Let f(a) = -5*a - 2. Suppose -3*d = -2*d - 59. Let r = 61 - d. Let k(s) = -1. Let u(w) = r*k(w) + f(w). Calculate u(-4).
16
Suppose -28*u = 16*u - 16148. Suppose -30 = -377*y + u*y. Let z(n) = 1 + 3*n**2 - 1 - 2*n - 1. Calculate z(y).
20
Let n(j) = 21*j - 45. Let v = 15617 + -15610. Determine n(v).
102
Let t(k) = 21*k - 582. Let u be t(28). Let q(d) = -d**3 + 6*d**2 + 7*d - 6. Calculate q(u).
36
Let c(w) = 10*w - 299. Let z be c(29). Let j be 825/(-99) - (24/z)/(-4). Let i(h) = h + 15. Give i(j).
6
Let b be ((-2)/(-5))/((-10)/(-50)). Suppose -b*m = -2*f + 18, -3*f + 7 + 4 = m. Let n(y) = -f - y - 5 + 13 - 5. Give n(9).
-11
Let w(a) = -a. Let j be w(-3). Let q(n) = 2*n**2 - n - 2 - 3*n**2 - n**j + 4*n**2 - 2*n**2. Determine q(3).
-23
Suppose -5*o - 1 = -5*z - 6, 0 = 4*z + 16. Let x = 12 - 12. Let t(a) = -34*a**2 + 35*a**2 + 3*a + x - 3. Calculate t(o).
-3
Let g(b) = -2*b**3 + 39*b**2 - 55*b + 23. Let z be 6/(-13)*(200 - 239). Give g(z).
5
Let c(p) = 48*p**3 - 4*p**2 + 25*p + 4. Let n(u) = 48*u**3 - 3*u**2 + 18*u + 4. Let l(q) = -2*c(q) + 3*n(q). Determine l(-1).
-49
Let h be 10*(21/6)/(-1). Let l be -5*133/h - 3. Let g(z) = -z + 13. Determine g(l).
-3
Suppose -4*z - 2*j - 530 = 0, 0 = -3*z + 2*j - 295 - 99. Let d = z + 140. Let g(f) = -f**2 + 8*f - 7. What is g(d)?
-7
Let d(u) = 488292 - 5*u**2 - u + u**2 - 488292. Give d(-4).
-60
Let p(b) = 4*b + 13. Let n be (3 + 7)*3/(15/(6 - 3)). Calculate p(n).
37
Let c(a) = -2*a - 6. Let d be c(-4). Let q(g) = 2*g - 309 + 0*g**3 - 315 - 3*g**3 + 624 - 2*g**3. Give q(d).
-36
Let d(o) be the first derivative of o**3/3 + 7*o**2 - 10*o - 3749. Give d(-14).
-10
Let a be (-20 - -6 - -4)*(-2)/4. Let t(u) = 2*u**2 + 4 - a + u - 3*u - 6*u**2. Let v(s) = 3*s**2 + 2*s + 1. Let k(n) = 3*t(n) + 2*v(n). Give k(-1).
-5
Let r(p) be the first derivative of p**2/2 - 14*p - 1. Suppose -75*c = 62*c - 206*c. What is r(c)?
-14
Let h(y) = -y**3 - 5*y**2 - 4*y - 1. Let g be (15/7 - 3)/((-4)/14). Let k(w) = -17 + 9*w + 6*w**g + 3*w**2 - 7*w**3 + 3*w**2. Let o be k(7). Calculate h(o).
-7
Let b(n) = -5 - 3*n**3 + 2 - 21*n + 40*n + n**2 - 20*n - 5*n**2. Calculate b(-2).
7
Let s = 247 - 245. Let m(r) = r**3 + 10413*r**s - 3*r + 4*r - 10416*r**2 + 3. Calculate m(2).
1
Suppose 2*y + 26 = -0*y. Let n(s) = -s**2 - 15*s - 18. Let j be n(y). Let u = -6 + j. Let h(d) = -4*d**2 + 3*d - 3. Determine h(u).
-13
Suppose -22 + 22 = 4*c. Suppose c*t + 20 = 5*t. Let f(l) = l**2 - 6*l + 5. Determine f(t).
-3
Suppose -402 = -59*s + 129. Let w(t) = 2*t**3 - 18*t**2 + 2*t. Give w(s).
18
Suppose 0 = 3*b - 3*g - 69, -3*b = 2*g - 0*g - 54. Suppose a = 2*k - 2 - 2, -5*a = -3*k + b. Let t(j) = -j - 8 - 7 + 0*j + 23. Calculate t(k).
8
Suppose b + z = 12, -z = b - 2*b + 14. Let o be (-15)/10 + 46/(-4). Let r = b + o. Let m(u) = -u - 9. Calculate m(r).
-9
Suppose -22 = 329*j - 22. Let r(q) = -4*q**